Let a(i) = -28 - 10 - 7 - 2*i. Let n be a(-20). Give l(n).
9
Let z(q) = -q**2 + 20*q - 94. Let b be 602/(-98) - -16 - (-1)/7. Calculate z(b).
6
Let a(m) be the third derivative of -1/6*m**4 + 0*m - 5*m**3 + 32*m**2 + 0 + 0*m**5 + 1/360*m**6. Let n(z) be the first derivative of a(z). Calculate n(0).
-4
Let i(g) = -g + 23 + 18 + 34 + 35 - 123. Suppose -3*s + 2*s = 5. Give i(s).
-8
Suppose 0 = -2*k - 0 + 2. Let c(u) = 2*u + k - 1. Let d(q) = -8*q**2 + 76*q - 31. Let h be d(9). Determine c(h).
10
Let w(u) = -u + 11. Let n be w(7). Let l(h) = -1. Let k(i) = 0*i - 6*i + 11*i - 6*i + 1 - 3. Let r(c) = n*l(c) + k(c). Give r(-11).
5
Let b(r) = 4*r**2 - 12*r + 6. Let h(d) = 5*d**2 - 13*d + 6. Let u(j) = -6*b(j) + 5*h(j). Let a(w) = w**3 - 7*w**2 + 5*w - 1. Let i be a(6). Give u(i).
-6
Let g(t) = -46*t - 5 + 63*t - 29 + 3*t**2. Let h(c) = c**2 + 6*c - 12. Let p(k) = -6*g(k) + 17*h(k). Give p(1).
-1
Let x = -7496 - -7493. Let n be 4 - ((-3)/(-3) - 0). Let m(i) = -i - 2 - 4 + 0*i + n. Determine m(x).
0
Let k(s) be the third derivative of -s**7/2520 - s**6/720 - s**5/20 + 91*s**4/24 + s**2 - 36*s. Let f(b) be the second derivative of k(b). What is f(0)?
-6
Let l(m) = 18 + 20 - 35 + 3*m - 4*m. Let q(j) = 7. Let y(d) = -7*l(d) + 3*q(d). Calculate y(-1).
-7
Let n(q) = -q**2 - 2*q + 7. Let a = -43 - -45. Suppose -26 = -3*u - a. Suppose -3*r + u*r + 3*m + 25 = 0, 2*r - 5*m = -10. Give n(r).
-8
Let m(w) = -2*w**3 - 4*w**2 + 4*w. Suppose 35*c - 22 = -2*v + 40*c, -4*v - 3*c = 8. What is m(v)?
-2
Suppose 4043*v - 4078*v = -350. Let c(k) = -16 + 2*k**2 - 5*k - k**2 - 4*k. What is c(v)?
-6
Let m(y) = 4*y + 44. Let d be m(-11). Suppose s + 2*s - 69 = d. Suppose 15 = 4*u - i - 0*i, 3*i = -5*u + s. Let b(v) = -v**2 + 4*v - 6. What is b(u)?
-6
Suppose 4*z + 2*v + 10 = 0, -24 = 3*z - 2*v - 27. Let o be (78/(-13))/(2*z). Let w(a) = 3*a**2 - 3*a - 2. Give w(o).
16
Let j(q) be the second derivative of -q**6/360 + 7*q**5/120 + 5*q**4/6 - q**3/3 + 8*q**2 + 2*q - 14. Let y(k) be the second derivative of j(k). What is y(9)?
2
Let h(g) = g**2 + 1. Let x(i) = -4*i**2 - 7*i - 10. Let b(f) = 3*h(f) + x(f). Let s = -23 + 11. Let a be 3 + (4*s)/6. What is b(a)?
3
Let z(s) = -s**3 + 6*s**2 - 6. Suppose 18*x - 402 = -114. Let g be -8*(-4)/x + 3. Give z(g).
19
Let l(p) = p**3 + 2*p**2 + 3*p - 2. Let o(s) = s**2 + 13*s + 14. Let h(u) = u**2 + 12*u + 14. Let c(j) = 3*h(j) - 2*o(j). Let g be c(-2). Give l(g).
-8
Let g(f) be the second derivative of f**5/20 - 7*f**4/12 + f**3 + 5*f**2/2 + 2*f. Let r be (-80)/(-14) + (-10)/(-35). Let s be 975/175 + r/14. What is g(s)?
5
Let g(q) = q - 13. Let r be -4 + 6 + 8 - (1 + 5). Let b(x) = -15*x**2 + 61*x + 7. Let p be b(r). Give g(p).
-2
Let f(r) = -r + 2. Let p(t) = 8*t + 39. Let w(g) = -4*f(g) + p(g). What is w(-2)?
7
Suppose -4*t - 2 = 2*j + 26, -5*t + 2*j - 17 = 0. Let m(g) = -6*g**2 - 4. Let a(v) = v**2 + 1. Let p(x) = t*a(x) - m(x). Give p(-1).
0
Let u(t) = 4 - 372*t + 0 + 369*t + 3 + t**3 - 2*t**2 + 12*t**2. Give u(-10).
37
Let h(j) = -19*j**2 + 2*j + 1. Let w be h(-3). Let d be w/(-18) - 2/(-9). Let g(m) = 7*m + 15 + 13*m - 36*m + 14*m. What is g(d)?
-5
Let n be -7 + (-342)/(-45) - 2/(-5). Let w(i) = 52*i + 13. Let y(o) = -13*o - 3. Let z(f) = 3*w(f) + 13*y(f). What is z(n)?
-13
Let g(a) = -a**3 - a + 5*a - 4*a**2 - 7 + 4. Let n be 24/18*(-9)/(-6). Suppose -4*j - 30 = -2*i, -4*j + 5*j = n*i - 15. Calculate g(j).
2
Let o(a) = a**2 + 12*a - 3. Let u(g) = -g**2 + 50*g - 308. Let y be u(7). What is o(y)?
-38
Suppose -28*o + 364 - 374 = -262. Let j(i) = -4*i - 21. Determine j(o).
-57
Let l(w) = -10*w + 3. Let i(v) = 108*v - 32. Let m(s) = -3*i(s) - 32*l(s). Suppose 0 = -6*g + 22*g + 48. Give m(g).
12
Suppose 9 = 19*d - 29. Suppose 12*u - 7*u - 60 = 0. Let z(i) = 17 - u - d*i - i. What is z(-8)?
29
Let v(p) = 7*p - 6 + 5 + 5 - 3*p. Let l(s) = 2*s + 1. Let g(t) = -8*l(t) + 3*v(t). What is g(3)?
-8
Let f(p) = -4*p**2 - 1. Suppose -2*k + 24 = 6*k. Suppose -l - 4 = -4*a, -5*l + 4 = 4*a - k*l. Determine f(a).
-5
Suppose 0*w - 2*w + 14 = 0. Let k(n) be the third derivative of -2 - 34*n**2 + 0*n**3 - 7/24*n**4 + 0*n + 1/60*n**5. What is k(w)?
0
Let i(s) be the first derivative of -s**4/4 + 4*s**3/3 - 3*s**2 + 19*s - 41. Let l be i(4). Let b(o) = -o**3 - 4*o**2 + 3*o + 1. Determine b(l).
11
Let z(b) = 2*b**2 + 2*b - 3. Let o(h) = h**3 - 39*h**2 + 35*h + 1. Let n(x) = o(x) + z(x). Calculate n(36).
34
Let w(s) = 3*s + 24. Let b(a) = 4*a + 34. Let l(n) = -5*b(n) + 7*w(n). Let j = 463 + -459. Give l(j).
2
Let b(m) be the third derivative of -2*m**5/15 + 7*m**4/12 - 2*m**3/3 - m**2 + 568*m - 2. Calculate b(-3).
-118
Let p(n) = 2*n. Let w(q) = -2 - 19 - 26*q - 49 + 24*q. Let k be w(-41). Give p(k).
24
Suppose 89 = -4*q + 93. Let v(l) = -l + 2. Let p(c) = -8. Let m(w) = q*p(w) - v(w). Determine m(8).
-2
Let z(q) = -2*q - 6*q + 2832 - 5554 + 2790. Determine z(8).
4
Let w = 3 + -7. Let y(a) = 2*a**3 - 5*a**2 - 5*a - 12. Let i(r) = -r**3 + 2. Let z(d) = 3*i(d) + y(d). Give z(w).
-2
Let t = 10 - 4. Let p = 115 - 44. Let f(v) = 33 + 34 - v - p. Determine f(t).
-10
Let w = -10 - -13. Let d(x) = -191*x**2 + 360*x**2 - 181*x**2 - 2*x - x**w + 18 + 2*x**3. What is d(12)?
-6
Let p(j) = -j**2 - 17*j - 20. Let t = 6152 - 6169. Calculate p(t).
-20
Let w(j) = 18*j + 32. Let l = 11508 + -11514. Give w(l).
-76
Let f(t) = -t - 16. Suppose -2*a + 3*z + 9 = -13, 0 = -5*a - z + 21. Let g be 3*(-5)/a - -3. What is f(g)?
-16
Let j(d) = 3*d**3 - 82*d**2 + 33*d + 54. Let u(z) = -7*z**3 + 200*z**2 - 83*z - 135. Let q(w) = -12*j(w) - 5*u(w). What is q(-17)?
-7
Suppose 0*a + 3*d - 21 = -a, -4*a - 5*d + 56 = 0. Suppose 3*t = a, -5*f - 4*t = t - 30. Let v(j) = -j + 3*j + 4 - j - f. Determine v(6).
7
Suppose m + 3 = -2*l, -3*m + m - 7 = 3*l. Let s(f) = -382*f**2 - 3 + 383*f**2 - l - 7*f. Calculate s(9).
14
Let o(j) = 3*j**3 + 14*j**2 + 8*j - 11. Let p(w) = -17*w**3 - 72*w**2 - 42*w + 54. Let d(t) = -11*o(t) - 2*p(t). Determine d(10).
-27
Let c(v) = v + 30. Let b be c(-21). Suppose b = -4*k + k. Let q(z) = -2*z**2 - 3*z. Determine q(k).
-9
Let b(s) = -315*s - 1576. Let z be b(-5). Let v(r) = 50*r. Let g(p) = -3*p. Let h(j) = -35*g(j) - 2*v(j). Calculate h(z).
-5
Let s(k) = 6*k**2 - 30*k + 26. Let x(c) be the first derivative of c**3 - 7*c**2 + 12*c - 12. Let i(t) = -6*s(t) + 13*x(t). Calculate i(1).
1
Let m(r) = r**2 + 5*r + 6. Let n = 3294 - 3300. Calculate m(n).
12
Let u be 49/(-7) - 2/(-4)*(-10 - 2). Let d(h) = -h**3 - 14*h**2 - 12*h + 2. Calculate d(u).
-11
Let m(d) be the third derivative of d**4/24 - 2*d**3/3 - 272*d**2 - 8. Give m(4).
0
Let g(d) = -4*d**2 - 2*d - d**3 + d - 52070 + 52062. Give g(-6).
70
Let h(o) = 6*o - 102. Suppose -4*t + 4*j = -68, -35*t + j = -40*t + 91. Let l be h(t). Let a(w) = w**2 - 7*w + 9. What is a(l)?
3
Let l(k) = 4*k**2 - 5*k**2 - 1 + 0*k**2 - k**3 - 2*k - 4*k**2. Let p be ((7 - 9) + 7)/((-1)/(-3)). Suppose 0 = -5*u - p, -10 + 2 = -2*s + 4*u. Calculate l(s).
-9
Let b(i) = -i**2 + i. Let n be b(0). Suppose -4*a + n = 4. Let r(q) = -25 + q**3 + q - 46 + 71. What is r(a)?
-2
Let s(k) be the third derivative of -1/2*k**3 - 1/12*k**4 - 1/120*k**6 + 2*k**2 + 0 + 1/10*k**5 + 0*k. What is s(5)?
12
Let v(z) be the third derivative of -z**4/6 - 4*z**3 - 9527*z**2 + 2. Suppose 28 = -6*s + 2*s. What is v(s)?
4
Let g(i) = 1. Let t(z) = -z**3 - 6*z**2 + 7*z - 3. Let b(m) = -2*g(m) - t(m). Let s(v) = v**3 - 8*v**2 - 88*v + 49. Let x be s(14). Give b(x).
1
Let v = -6136 + 6111. Let b(r) = r**2 + 20*r - 45. Calculate b(v).
80
Let x = 39 - 24. Suppose -5*a + x - 25 = 0. Let y(d) = 4*d**3 - 2*d**2 + d + 2. Calculate y(a).
-40
Let n(z) = -z**3 - 31*z**2 - 29*z + 36. Let o be 4/(-8)*3120/52. Give n(o).
6
Let v(k) be the second derivative of k**5/20 + k**4/3 + 5*k**3/3 + 5*k**2/2 - 37*k + 8. Determine v(-4).
-35
Let x(s) = 77*s + 1. Suppose -3*m + 4*m + 4*q = -17, 5*q + 16 = 4*m. What is x(m)?
-76
Let r(o) = o - 1. Suppose 30 = 14*c - 9*c. Let l(m) = -2*m**2 + 5*m - 13. Let h be l(c). Let z = h + 48. Calculate r(z).
-8
Let p be (132/(-110))/(1/(-5)). Suppose -p*g + 32 = -2*g. Let q(t) = g*t + t**2 - 3*t**3 - 2*t - 7*t. Give q(1).
-3
Let x(b) = 7*b**3 + b**2 - 2*b + 2. Let m(l) = 2*l + 51. Let t(f) = -2*f - 100. Let q(a) = 5*m(a) + 2*t(a). Let o be q(-9). What is x(o)?
8
Let a(